{"id":2,"date":"2014-01-27T13:34:55","date_gmt":"2014-01-27T13:34:55","guid":{"rendered":"http:\/\/derobstladen.de\/?page_id=2"},"modified":"2026-04-28T00:10:37","modified_gmt":"2026-04-27T22:10:37","slug":"beispiel-seite","status":"publish","type":"page","link":"https:\/\/derobstladen.de\/","title":{"rendered":"Willkommen"},"content":{"rendered":"<h4>&nbsp;<\/h4>\n<h2 data-path-to-node=\"4,0\">\u26a0\ufe0f <b data-path-to-node=\"4,0\" data-index-in-node=\"3\">Wichtiger Hinweis zu unseren \u00d6ffnungszeiten<\/b><\/h2>\n<h4 data-path-to-node=\"4,1\">Diese Woche bleibe die T\u00fcren vom Obstladen leider zu. Wir bitten um Verst\u00e4ndnis. Wir freuen uns, euch im Mai wieder zu sehen. \ud83e\udd0d.<\/h4>\n<p>&nbsp;<\/p>\n<h3>Herzlich willkommen in unserem Obstladen von Jasmina Klos in Emmendingen.<\/h3>\n<p>Unsere Philosophie ist und bleibt:<br>t\u00e4glich frisch, aus der Region, aus dem In- und Ausland, aus den G\u00e4rten der Welt, aus biologischem Anbau. Und nur f\u00fcr Sie!<\/p>\n<p>Geschenke gesucht? &#8211; Dann schauen Sie Doch gern mal vorbei &#8211; hier unsere Pr\u00e4sente Ideenbox:<\/p>\n<p data-sourcepos=\"3:1-3:198\">Wir sind Ihr Ansprechpartner f\u00fcr frisches Obst und Gem\u00fcse in Emmendingen. Seit \u00fcber 20 Jahren bieten wir unseren Kunden eine gro\u00dfe Auswahl an saisonalen Produkten aus der Region sowie dem In- und Ausland.<\/p>\n<p data-sourcepos=\"5:1-5:24\"><strong>T\u00e4glich frische Ware<\/strong><\/p>\n<p data-sourcepos=\"7:1-7:166\">Wir legen gro\u00dfen Wert auf Qualit\u00e4t und Frische. Deshalb beziehen wir unser Obst und Gem\u00fcse von regionalen Erzeugern, die uns t\u00e4glich mit frischen Produkten beliefern.<\/p>\n<p data-sourcepos=\"9:1-9:22\"><strong>Sympathisches Team<\/strong><\/p>\n<p data-sourcepos=\"11:1-11:179\">Bei uns sind Sie nicht nur Kunde, sondern auch Gast. Unser Team freut sich, Sie in unserem Gesch\u00e4ft begr\u00fc\u00dfen zu d\u00fcrfen und Ihnen bei der Auswahl Ihrer Lieblingsprodukte zu helfen.<\/p>\n<p data-sourcepos=\"13:1-13:17\"><strong>Unser Angebot<\/strong><\/p>\n<p data-sourcepos=\"15:1-15:47\">Bei uns finden Sie alles, was Ihr Herz begehrt:<\/p>\n<ul data-sourcepos=\"17:1-21:0\">\n<li data-sourcepos=\"17:1-17:108\">Frisches Obst aus aller Welt, von \u00c4pfeln und Bananen bis hin zu exotischen Fr\u00fcchten wie Mangos und Papayas<\/li>\n<li data-sourcepos=\"18:1-18:51\">Saisonales Gem\u00fcse, wie Tomaten, Gurken und Salate<\/li>\n<li data-sourcepos=\"19:1-19:21\">Kr\u00e4uter und Gew\u00fcrze<\/li>\n<li data-sourcepos=\"20:1-21:0\">Obst- und Gem\u00fcses\u00e4fte<\/li>\n<li data-sourcepos=\"20:1-21:0\">\u00d6le und Essig &#8211; zum Abf\u00fcllen nach Ihren W\u00fcnschen<\/li>\n<li data-sourcepos=\"20:1-21:0\">Geschenkartikel<\/li>\n<\/ul>\n<p data-sourcepos=\"22:1-22:25\"><strong><br>Unsere \u00d6ffnungszeiten<\/strong><\/p>\n<ul>\n<li>von Dienstag bis Freitag von 9.00 bis 14.00 Uhr und von 15.00 bis 18.00 Uhr<\/li>\n<li>am Samstag von 9.00 bis 13.30 Uhr<\/li>\n<\/ul>\n<p data-sourcepos=\"26:1-26:36\"><strong>Wir freuen uns auf Ihren Besuch!<\/strong><\/p>\n<p data-sourcepos=\"28:1-28:39\"><strong>Ihr Team vom Obstladen Jasmina Klos<\/strong><\/p>\n\n\nngg_shortcode_0_placeholder\n","protected":false},"excerpt":{"rendered":"<p>&nbsp; \u26a0\ufe0f Wichtiger Hinweis zu unseren \u00d6ffnungszeiten Diese Woche bleibe die T\u00fcren vom Obstladen leider zu. Wir bitten um Verst\u00e4ndnis. Wir freuen uns, euch im Mai wieder zu sehen. \ud83e\udd0d. &nbsp; Herzlich willkommen in unserem Obstladen von Jasmina Klos in<\/p>\n","protected":false},"author":1,"featured_media":0,"parent":0,"menu_order":0,"comment_status":"closed","ping_status":"closed","template":"","meta":{"ngg_post_thumbnail":0,"footnotes":""},"class_list":["post-2","page","type-page","status-publish","hentry"],"_links":{"self":[{"href":"https:\/\/derobstladen.de\/index.php?rest_route=\/wp\/v2\/pages\/2","targetHints":{"allow":["GET"]}}],"collection":[{"href":"https:\/\/derobstladen.de\/index.php?rest_route=\/wp\/v2\/pages"}],"about":[{"href":"https:\/\/derobstladen.de\/index.php?rest_route=\/wp\/v2\/types\/page"}],"author":[{"embeddable":true,"href":"https:\/\/derobstladen.de\/index.php?rest_route=\/wp\/v2\/users\/1"}],"replies":[{"embeddable":true,"href":"https:\/\/derobstladen.de\/index.php?rest_route=%2Fwp%2Fv2%2Fcomments&post=2"}],"version-history":[{"count":55,"href":"https:\/\/derobstladen.de\/index.php?rest_route=\/wp\/v2\/pages\/2\/revisions"}],"predecessor-version":[{"id":477,"href":"https:\/\/derobstladen.de\/index.php?rest_route=\/wp\/v2\/pages\/2\/revisions\/477"}],"wp:attachment":[{"href":"https:\/\/derobstladen.de\/index.php?rest_route=%2Fwp%2Fv2%2Fmedia&parent=2"}],"curies":[{"name":"wp","href":"https:\/\/api.w.org\/{rel}","templated":true}]}}

<h4>&nbsp;</h4>
<h2 data-path-to-node="4,0">⚠️ <b data-path-to-node="4,0" data-index-in-node="3">Wichtiger Hinweis zu unseren Öffnungszeiten</b></h2>
<h4 data-path-to-node="4,1">Diese Woche bleibe die Türen vom Obstladen leider zu. Wir bitten um Verständnis. Wir freuen uns, euch im Mai wieder zu sehen. 🤍.</h4>
<p>&nbsp;</p>
<h3>Herzlich willkommen in unserem Obstladen von Jasmina Klos in Emmendingen.</h3>
<p>Unsere Philosophie ist und bleibt:<br>täglich frisch, aus der Region, aus dem In- und Ausland, aus den Gärten der Welt, aus biologischem Anbau. Und nur für Sie!</p>
<p>Geschenke gesucht? &#8211; Dann schauen Sie Doch gern mal vorbei &#8211; hier unsere Präsente Ideenbox:</p>
<p data-sourcepos="3:1-3:198">Wir sind Ihr Ansprechpartner für frisches Obst und Gemüse in Emmendingen. Seit über 20 Jahren bieten wir unseren Kunden eine große Auswahl an saisonalen Produkten aus der Region sowie dem In- und Ausland.</p>
<p data-sourcepos="5:1-5:24"><strong>Täglich frische Ware</strong></p>
<p data-sourcepos="7:1-7:166">Wir legen großen Wert auf Qualität und Frische. Deshalb beziehen wir unser Obst und Gemüse von regionalen Erzeugern, die uns täglich mit frischen Produkten beliefern.</p>
<p data-sourcepos="9:1-9:22"><strong>Sympathisches Team</strong></p>
<p data-sourcepos="11:1-11:179">Bei uns sind Sie nicht nur Kunde, sondern auch Gast. Unser Team freut sich, Sie in unserem Geschäft begrüßen zu dürfen und Ihnen bei der Auswahl Ihrer Lieblingsprodukte zu helfen.</p>
<p data-sourcepos="13:1-13:17"><strong>Unser Angebot</strong></p>
<p data-sourcepos="15:1-15:47">Bei uns finden Sie alles, was Ihr Herz begehrt:</p>
<ul data-sourcepos="17:1-21:0">
<li data-sourcepos="17:1-17:108">Frisches Obst aus aller Welt, von Äpfeln und Bananen bis hin zu exotischen Früchten wie Mangos und Papayas</li>
<li data-sourcepos="18:1-18:51">Saisonales Gemüse, wie Tomaten, Gurken und Salate</li>
<li data-sourcepos="19:1-19:21">Kräuter und Gewürze</li>
<li data-sourcepos="20:1-21:0">Obst- und Gemüsesäfte</li>
<li data-sourcepos="20:1-21:0">Öle und Essig &#8211; zum Abfüllen nach Ihren Wünschen</li>
<li data-sourcepos="20:1-21:0">Geschenkartikel</li>
</ul>
<p data-sourcepos="22:1-22:25"><strong><br>Unsere Öffnungszeiten</strong></p>
<ul>
<li>von Dienstag bis Freitag von 9.00 bis 14.00 Uhr und von 15.00 bis 18.00 Uhr</li>
<li>am Samstag von 9.00 bis 13.30 Uhr</li>
</ul>
<p data-sourcepos="26:1-26:36"><strong>Wir freuen uns auf Ihren Besuch!</strong></p>
<p data-sourcepos="28:1-28:39"><strong>Ihr Team vom Obstladen Jasmina Klos</strong></p>


ngg_shortcode_0_placeholder

<p>&nbsp; ⚠️ Wichtiger Hinweis zu unseren Öffnungszeiten Diese Woche bleibe die Türen vom Obstladen leider zu. Wir bitten um Verständnis. Wir freuen uns, euch im Mai wieder zu sehen. 🤍. &nbsp; Herzlich willkommen in unserem Obstladen von Jasmina Klos in</p>
